*t = 8*t - 4*f - 272. Let h(s) = 54*s**2 - 6*s + 4. Let g be h(1). Let c = g - 39. What is the highest common divisor of c and t?
13
Let n(a) = -3*a + 8. Let f be n(4). Let y = f - -10. Suppose -4*q + 4*h + 24 = 0, 2*q + q + 5*h - 18 = 0. Calculate the highest common divisor of y and q.
6
Let k(s) = 4 + 29 - 4*s + 37 - 4. Let t be k(13). Calculate the highest common divisor of 91 and t.
7
Suppose -4*w - 3*i - 38 = -2*i, -3*w - 24 = 3*i. Let v = w + 13. Suppose -v*y + 14 = -46. Calculate the highest common factor of 220 and y.
20
Suppose -5*l + 13 = -17. Let f = 72 + -60. Calculate the highest common divisor of f and l.
6
Let g = 2 + -6. Let s be -6*(g - -1 - -1). Let z = -162 - -294. Calculate the greatest common divisor of s and z.
12
Let q be 17 + (-1 + 0 - -3). Let l be q + 0 + -3 + 1. What is the greatest common factor of 34 and l?
17
Let a(r) = -r**3 + r**2 + r + 1. Let m(k) = 7*k**3 - 2*k**2 - 7*k. Let n(h) = -6*a(h) - m(h). Let q be n(-5). Calculate the greatest common divisor of 42 and q.
14
Suppose -s = 258 - 270. What is the highest common factor of 150 and s?
6
Suppose 2*x + 2*v - 174 = 0, -4*x = -x + 2*v - 260. Let m = x + -82. What is the highest common factor of 44 and m?
4
Let c be (22*(-30)/(-495))/((-1)/(-24)). Suppose 2*k + 2*u - 25 = 41, -91 = -3*k + 5*u. Calculate the highest common divisor of k and c.
32
Let d(p) = -p**2 - 16*p + 21. Let i be d(-17). Suppose -5*j - k = -599, 0 = -4*j + 2*k - i*k + 478. Calculate the highest common factor of j and 15.
15
Let h = 81 - 144. Let k = -30 - h. Calculate the greatest common divisor of 231 and k.
33
Suppose -5*f = -208 - 247. Let p(m) = m + 18. Let s be p(-8). Suppose -5*k - s = -75. Calculate the greatest common divisor of k and f.
13
Let v be 1/1 - (12 - 38). Suppose 2*a = -a + v. What is the greatest common divisor of 9 and a?
9
Let f be 0*-1*(-4)/(-8). Suppose f = -i + o + 10, 0 = -2*o - o - 15. Let m be i/(-5) + 41 + 0. What is the greatest common factor of m and 60?
20
Let x = 43 + -23. Let s = -513 - -693. What is the highest common divisor of x and s?
20
Suppose -12*z - z + 5568 = 19*z. Suppose -v + 16 = -42. What is the highest common factor of z and v?
58
Suppose -2*w - h = -18, 0*h - 3*h = -4*w + 26. Suppose 0 = 4*d - 139 + 27. Let l = d - 27. Calculate the highest common divisor of w and l.
1
Let n be (-1)/(-3) + (-4 - (-9948)/18). What is the highest common factor of 18 and n?
9
Suppose -994 = -29*w + 1761. What is the highest common divisor of w and 95?
95
Suppose 7*n - 2*n = 0. Suppose -3*z + 2*z = -4*i - 14, 4*z + 2*i - 74 = n. Let s = 53 + -17. Calculate the highest common divisor of s and z.
18
Let x be 16/10*(270/4)/9. Calculate the greatest common divisor of 12 and x.
12
Let f be 4/(-2)*(63 + -74). What is the highest common divisor of 1166 and f?
22
Suppose -365 = -3*t - t - 3*v, 4*v - 360 = -4*t. Calculate the highest common factor of 19 and t.
19
Let h = -1586 + 1631. Calculate the greatest common factor of 36 and h.
9
Let x be 0 + 1 + (-78)/26. Let z(k) = 42*k**2 - 1 + 8*k - 3*k + 3. Let a be z(x). Calculate the greatest common divisor of 20 and a.
20
Suppose 4*j + 3 = -1. Let p = -2 - j. Let i be -8 + 36 + (p - 3). Calculate the highest common divisor of i and 48.
24
Let g(v) = v**3 - 4*v**2 - 7*v - 6. Let t be g(6). Let u = 1276 - 1270. Calculate the greatest common factor of u and t.
6
Let x be (-2)/((-30)/50 + (-4)/10). Suppose -5*m - x*h + 134 = 0, 51 = 3*m - 5*h - 17. Calculate the highest common divisor of m and 78.
26
Let d be 1/((-4)/5 + 1). Let w be (15/6)/(((-3)/162)/(-1)). Suppose w = -5*t + 8*t. Calculate the highest common divisor of d and t.
5
Let y(j) = -j**3 + 10*j**2 - 1. Let m be y(4). Suppose 0 = -u - 2*k + 17 + m, 3*u - 356 = -k. What is the highest common divisor of u and 15?
15
Let r(y) = -y**2 - 17*y - 50. Let k be r(-10). What is the greatest common divisor of 12 and k?
4
Let t be ((-44)/(-33))/((-1)/(-3)). Suppose -t*v + 40 = 5*x, 2*x - 10 = -v - 2*x. What is the greatest common factor of 25 and v?
5
Suppose 15 = -5*n + 4*p + p, 0 = 2*n + p + 18. Let i = n + 11. Let h be ((-20)/(-3))/((-5)/(-15)). What is the highest common factor of h and i?
4
Let r = 17 - 3. Let t be -11 + 11 - 7*-31. Let p = -119 + t. Calculate the greatest common divisor of r and p.
14
Suppose -2*f - 2*f + 88 = 0. Let p(z) = 14*z**2 - 3*z - 3. Suppose 3*s = -4 - 5. Let i be p(s). Calculate the highest common divisor of i and f.
22
Let o(r) = 4*r**2 - 55*r + 17. Let s be o(16). Calculate the greatest common divisor of s and 119.
7
Suppose 43 = -c + 2*c - 5*b, 0 = 3*c + 2*b - 146. What is the greatest common divisor of 576 and c?
48
Let y = 219 - 213. Suppose -2*l + 3*l = 0. Suppose u = -l*u + 15. Calculate the greatest common divisor of u and y.
3
Let t be (36/(-15))/(-2)*910/39. Calculate the highest common divisor of 20 and t.
4
Let p be -62*((-18)/12 - -1). What is the highest common factor of p and 31?
31
Let r(w) = 2*w - 9. Let g be r(6). Let p be (6/(-5))/((-2)/(-2 - -22)). Calculate the greatest common divisor of p and g.
3
Let g(d) = -1 - 3*d + 0 - 1 - 2 - 11*d**2 - d**3. Let n be g(-12). What is the greatest common divisor of 16 and n?
16
Let t = -2233 - -3443. Let u be t/15 - (-4)/(-6). Let v = -487 + 503. What is the highest common factor of u and v?
16
Let f be (-30)/(-5) - (82*-3)/3. What is the greatest common factor of f and 572?
44
Let h be (16/(-32))/(55/56 - 1). What is the greatest common factor of h and 100?
4
Let a be -1 + 2 + -1 + 477. Suppose -4*v = -5*u + 596, -4*u + 3*v + a = -0*v. Let n be u/16*(-4)/(-3). Calculate the greatest common factor of 2 and n.
2
Let p be (22 + 0)/(4/6). Let q(a) = -44*a**3 + 9*a**2 + 12*a - 1. Let r be q(-2). What is the greatest common factor of r and p?
33
Suppose 3 = 4*p - 13. Suppose -3 = s - p. Let o(y) = 3*y - 7. Let c be o(5). Calculate the highest common divisor of c and s.
1
Let k(m) = -m + 9. Let o be k(-12). Let v = o + -15. Let x be 40/v + 3/9. What is the highest common divisor of x and 28?
7
Let w(b) = 13*b**2 - 8*b + 12. Let f be w(2). Calculate the greatest common divisor of f and 144.
48
Let m = 47 + -19. Let w = 405 - 401. Calculate the greatest common factor of w and m.
4
Let a = -189 - -332. Let r(c) be the third derivative of c**5/12 - c**4/8 - c**3/6 - 5*c**2. Let w be r(2). Calculate the highest common divisor of a and w.
13
Let x = 0 - -2. Suppose 13 = 3*h - x. Let r = -4369 - -4414. What is the highest common divisor of h and r?
5
Let x = -1691 - -2801. Calculate the highest common factor of x and 30.
30
Let k(a) = a**3 - 2*a**2 - a - 2. Let m be k(0). Let t be ((-15)/m)/(1/2). Let z be (-5)/(3/(-2) - -1). What is the greatest common factor of z and t?
5
Let y(l) = 2*l**3 - 4*l**2 - 2*l. Let n = -29 - -33. Let k be y(n). Calculate the greatest common factor of k and 28.
28
Let y(v) = 7*v**2 + 2*v - 1. Let d be y(1). Let o(u) = u**2 - 2*u - 4*u - 4 + 0*u. Let q be o(d). Calculate the highest common divisor of q and 4.
4
Suppose -26*o + 22134 = 5*o. Calculate the greatest common divisor of o and 42.
42
Suppose 0 = 2*g + 4 - 8. What is the greatest common divisor of 2 and g?
2
Let q = -52 + 72. Let z be 0*3/6 + q + 1. Calculate the greatest common factor of z and 7.
7
Let p(a) = -a**2 - 24*a - 23. Let k be p(-18). Calculate the greatest common factor of k and 340.
85
Suppose -6*u = 2*u - 80. What is the highest common factor of u and 160?
10
Suppose 3*a - 120 = 3*q, -5*q - 122 = -15*a + 12*a. Calculate the greatest common factor of a and 6.
3
Let v be (-3 - -83)*(-11)/(-22). Calculate the highest common factor of 70 and v.
10
Suppose -315 - 4 = 11*w. Let c = w - -34. Suppose 2*f - 75 = -5*i, -5*i - 5*f + 65 = -10. Calculate the greatest common factor of i and c.
5
Let p = -50 - -54. Let c(r) be the second derivative of r**4 - 3*r. Let d be c(p). Calculate the greatest common divisor of d and 24.
24
Let k = 0 - -1. Let g be (-143)/(-4) + 7/28. Let v = g + -29. Calculate the highest common divisor of k and v.
1
Let j = -14 + 18. Suppose 3*z - 5*o = z + 20, -j*o - 18 = -2*z. Suppose 0 = -5*x - z + 55. What is the highest common divisor of 70 and x?
10
Suppose 0 = -5*a + 2*d + 282, 2*a = 24*d - 22*d + 114. Let q be -46*(-1)/2 - 2. Let k = -7 + q. Calculate the greatest common divisor of 